{"id":6,"date":"2022-02-17T22:17:28","date_gmt":"2022-02-17T22:17:28","guid":{"rendered":"https:\/\/news.icobre.biz\/?page_id=6"},"modified":"2022-02-20T05:50:06","modified_gmt":"2022-02-20T05:50:06","slug":"home","status":"publish","type":"page","link":"https:\/\/news.icobre.biz\/","title":{"rendered":"Home"},"content":{"rendered":"\n<div class=\"wp-block-group nf-instructions\"><div class=\"wp-block-group__inner-container is-layout-flow wp-block-group-is-layout-flow\">\n<figure class=\"wp-block-image\"><img data-recalc-dims=\"1\" decoding=\"async\" src=\"https:\/\/i0.wp.com\/www.genealog.cl\/Chile\/instituciones\/R\/revistas\/RevistaMineriaChilena-logo.jpg?ssl=1\" alt=\"Instituciones Deportivas de Chile | www.genealog.cl\"\/><\/figure>\n<\/div><\/div>\n\n\n\n<h1 class=\"wp-block-heading\" id=\"revistas-de-editec-lideran-lectoria-especializada\"><a href=\"https:\/\/www.mch.cl\/2012\/10\/29\/revistas-de-editec-lideran-lectoria-especializada\/\">Revistas de Editec lideran lector\u00eda especializada<\/a><\/h1>\n\n\n\n<p>Encuesta analiz\u00f3 la presencia, imagen y valor de las publicaciones MINER\u00cdA CHILENA y ELECTRICIDAD, y evalu\u00f3 otros productos desarrollados por el Grupo Editorial Editec.<\/p>\n\n\n\n<p><strong>(EDITEC)<\/strong>Las revistas MINER\u00cdA CHILENA y ELECTRICIDAD son las mejor posicionadas dentro de sus respectivos rubros, seg\u00fan un estudio de mercado realizado por Adimark-GFK. La encuesta, realizada entre junio y julio de 2012, tuvo como objetivo medir la presencia, imagen y valor de ambos medios especializados, y evaluar otros productos que ofrece el Grupo Editorial Editec (que tambi\u00e9n cobija a las publicaciones LATINOMINER\u00cdA, AQUA, LIGNUM y el portal Sustentare), como son los compendios, catastros, conferencias y eventos relacionados a la miner\u00eda y energ\u00eda.<\/p>\n\n\n\n<p>Por segunda vez Adimark-GFK efect\u00faa este estudio, cuya primera versi\u00f3n data de 2009. En esta oportunidad, junto con mostrar una posici\u00f3n s\u00f3lida de ambas revistas en el mercado, hubo varios indicadores que mejoraron respecto de la edici\u00f3n anterior de la encuesta.<\/p>\n\n\n\n<p>Entre los resultados del sondeo 2012 destaca que m\u00e1s del 80% de los encuestados estima que MINER\u00cdA CHILENA y ELECTRICIDAD son las revistas m\u00e1s fidedignas, objetivas y de mayor calidad, mientras que sobre el 75% dice que las recomendar\u00eda. Consultados por cu\u00e1l es la revista m\u00e1s reconocida en cada industria, un 93,4% menciona a MINER\u00cdA CHILENA en el caso del sector minero, y un 90,5% a ELECTRICIDAD en el rubro energ\u00e9tico.<\/p>\n\n\n\n<p>En tanto, cerca del 70% de los lectores de ambas revistas asevera que la publicidad contenida en ellas es de su inter\u00e9s.<\/p>\n\n\n\n<p>Por otra parte, sobre el 60% de los encuestados eval\u00faa como excelentes los contenidos de los compendios y catastros mineros y energ\u00e9ticos que desarrolla el grupo editorial, mientras que la mayor\u00eda conoce y eval\u00faa positivamente las <a href=\"https:\/\/twitter.com\/benbarahona\/status\/1495273900661428225?s=20&amp;t=HijpSHje0IKrvIxNV1V2wQ\" target=\"_blank\" rel=\"noreferrer noopener\">conferencias<\/a> y eventos<a href=\"https:\/\/news.icobre.biz\/quepasa\/www.quepasa.cl\/articulo\/negocios\/2011\/11\/16-7041-9-el-joven-de-cobre.shtml\/index.html\"> organizadosor <\/a><a href=\"https:\/\/news.icobre.biz\/li3\/www.mch.cl\/reportajes\/ed-zamanillo-mitsui-nuestra-experiencia-aqui-ha-valiosa\/index.html\" target=\"_blank\" rel=\"noreferrer noopener\">Editec<\/a>.<\/p>\n\n\n\n<p>M\u00e1s informaci\u00f3n sobre los estudios est\u00e1 disponible en los sitios <a href=\"http:\/\/www.mch.cl\">www.mch.cl<\/a> y <a href=\"http:\/\/www.revistaei.cl\">www.revistaei.cl<\/a>.<\/p>\n\n\n\n<p><a href=\"http:\/\/ngen-ko.com\">www.ngen-ko.com<\/a> <\/p>\n\n\n\n<figure class=\"wp-block-embed is-type-rich is-provider-twitter wp-block-embed-twitter\"><div class=\"wp-block-embed__wrapper\">\n<blockquote class=\"twitter-tweet\" data-width=\"500\" data-dnt=\"true\"><p lang=\"zxx\" dir=\"ltr\"><a href=\"https:\/\/t.co\/6QO1MN7nLa\">https:\/\/t.co\/6QO1MN7nLa<\/a><a href=\"https:\/\/t.co\/kBM2FEbi8n\">https:\/\/t.co\/kBM2FEbi8n<\/a><\/p>&mdash; Benito Barahona (@benbarahona) <a href=\"https:\/\/twitter.com\/benbarahona\/status\/1495273900661428225?ref_src=twsrc%5Etfw\">February 20, 2022<\/a><\/blockquote><script async src=\"https:\/\/platform.twitter.com\/widgets.js\" charset=\"utf-8\"><\/script>\n<\/div><\/figure>\n\n\n\n<p><\/p>\n\n\n\n<p>Fuente \/EDITEC<\/p>\n\n\n\n<div class=\"wp-block-buttons is-layout-flex wp-block-buttons-is-layout-flex\">\n<div class=\"wp-block-button is-style-fill\"><a class=\"wp-block-button__link\" rel=\"\/default-content\/?p=4\">Contact Us<\/a><\/div>\n<\/div>\n\n\n\n<p class=\"has-vivid-red-color has-text-color\"><\/p>\n","protected":false},"excerpt":{"rendered":"<p>Revistas de Editec lideran lector\u00eda especializada Encuesta analiz\u00f3 la presencia, imagen y valor de las publicaciones MINER\u00cdA CHILENA y ELECTRICIDAD, y evalu\u00f3 otros productos desarrollados por el Grupo Editorial Editec.&hellip;<\/p>\n","protected":false},"author":1,"featured_media":0,"parent":0,"menu_order":0,"comment_status":"closed","ping_status":"closed","template":"","meta":{"nf_dc_page":"home","_monsterinsights_skip_tracking":false,"_monsterinsights_sitenote_active":false,"_monsterinsights_sitenote_note":"","_monsterinsights_sitenote_category":0,"footnotes":""},"class_list":["post-6","page","type-page","status-publish","hentry"],"yoast_head":"<!-- This site is optimized with the Yoast SEO plugin v27.4 - https:\/\/yoast.com\/product\/yoast-seo-wordpress\/ -->\n<title>Home - Revista Mineria Chile<\/title>\n<meta name=\"description\" content=\"MINER\u00cdA CHILENA y ELECTRICIDAD son las revistas m\u00e1s fidedignas, objetivas y de mayor calidad en Chile\" \/>\n<meta name=\"robots\" content=\"index, follow, max-snippet:-1, max-image-preview:large, max-video-preview:-1\" \/>\n<link rel=\"canonical\" href=\"https:\/\/news.icobre.biz\/\" \/>\n<meta property=\"og:locale\" content=\"en_US\" \/>\n<meta property=\"og:type\" content=\"article\" \/>\n<meta property=\"og:title\" content=\"Home - Revista Mineria Chile\" \/>\n<meta property=\"og:description\" content=\"MINER\u00cdA CHILENA y ELECTRICIDAD son las revistas m\u00e1s fidedignas, objetivas y de mayor calidad en Chile\" \/>\n<meta property=\"og:url\" content=\"https:\/\/news.icobre.biz\/\" \/>\n<meta property=\"og:site_name\" content=\"Revista Mineria Chile\" \/>\n<meta property=\"article:modified_time\" content=\"2022-02-20T05:50:06+00:00\" \/>\n<meta property=\"og:image\" content=\"https:\/\/www.genealog.cl\/Chile\/instituciones\/R\/revistas\/RevistaMineriaChilena-logo.jpg\" \/>\n<meta name=\"twitter:card\" content=\"summary_large_image\" \/>\n<meta name=\"twitter:label1\" content=\"Est. reading time\" \/>\n\t<meta name=\"twitter:data1\" content=\"2 minutes\" \/>\n<script type=\"application\/ld+json\" class=\"yoast-schema-graph\">{\"@context\":\"https:\\\/\\\/schema.org\",\"@graph\":[{\"@type\":\"WebPage\",\"@id\":\"https:\\\/\\\/news.icobre.biz\\\/\",\"url\":\"https:\\\/\\\/news.icobre.biz\\\/\",\"name\":\"Home - Revista Mineria Chile\",\"isPartOf\":{\"@id\":\"https:\\\/\\\/news.icobre.biz\\\/#website\"},\"primaryImageOfPage\":{\"@id\":\"https:\\\/\\\/news.icobre.biz\\\/#primaryimage\"},\"image\":{\"@id\":\"https:\\\/\\\/news.icobre.biz\\\/#primaryimage\"},\"thumbnailUrl\":\"https:\\\/\\\/www.genealog.cl\\\/Chile\\\/instituciones\\\/R\\\/revistas\\\/RevistaMineriaChilena-logo.jpg\",\"datePublished\":\"2022-02-17T22:17:28+00:00\",\"dateModified\":\"2022-02-20T05:50:06+00:00\",\"description\":\"MINER\u00cdA CHILENA y ELECTRICIDAD son las revistas m\u00e1s fidedignas, objetivas y de mayor calidad en Chile\",\"breadcrumb\":{\"@id\":\"https:\\\/\\\/news.icobre.biz\\\/#breadcrumb\"},\"inLanguage\":\"en-US\",\"potentialAction\":[{\"@type\":\"ReadAction\",\"target\":[\"https:\\\/\\\/news.icobre.biz\\\/\"]}]},{\"@type\":\"ImageObject\",\"inLanguage\":\"en-US\",\"@id\":\"https:\\\/\\\/news.icobre.biz\\\/#primaryimage\",\"url\":\"https:\\\/\\\/www.genealog.cl\\\/Chile\\\/instituciones\\\/R\\\/revistas\\\/RevistaMineriaChilena-logo.jpg\",\"contentUrl\":\"https:\\\/\\\/www.genealog.cl\\\/Chile\\\/instituciones\\\/R\\\/revistas\\\/RevistaMineriaChilena-logo.jpg\"},{\"@type\":\"BreadcrumbList\",\"@id\":\"https:\\\/\\\/news.icobre.biz\\\/#breadcrumb\",\"itemListElement\":[{\"@type\":\"ListItem\",\"position\":1,\"name\":\"Home\",\"item\":\"https:\\\/\\\/news.icobre.biz\\\/\"},{\"@type\":\"ListItem\",\"position\":2,\"name\":\"Home\"}]},{\"@type\":\"WebSite\",\"@id\":\"https:\\\/\\\/news.icobre.biz\\\/#website\",\"url\":\"https:\\\/\\\/news.icobre.biz\\\/\",\"name\":\"Revista Mineria Chile\",\"description\":\"Revista Mineria Chilena\",\"publisher\":{\"@id\":\"https:\\\/\\\/news.icobre.biz\\\/#organization\"},\"potentialAction\":[{\"@type\":\"SearchAction\",\"target\":{\"@type\":\"EntryPoint\",\"urlTemplate\":\"https:\\\/\\\/news.icobre.biz\\\/?s={search_term_string}\"},\"query-input\":{\"@type\":\"PropertyValueSpecification\",\"valueRequired\":true,\"valueName\":\"search_term_string\"}}],\"inLanguage\":\"en-US\"},{\"@type\":\"Organization\",\"@id\":\"https:\\\/\\\/news.icobre.biz\\\/#organization\",\"name\":\"news metals & mining\",\"url\":\"https:\\\/\\\/news.icobre.biz\\\/\",\"logo\":{\"@type\":\"ImageObject\",\"inLanguage\":\"en-US\",\"@id\":\"https:\\\/\\\/news.icobre.biz\\\/#\\\/schema\\\/logo\\\/image\\\/\",\"url\":\"https:\\\/\\\/news.icobre.biz\\\/wp-content\\\/uploads\\\/2022\\\/02\\\/torontobackground.jpg\",\"contentUrl\":\"https:\\\/\\\/news.icobre.biz\\\/wp-content\\\/uploads\\\/2022\\\/02\\\/torontobackground.jpg\",\"width\":1272,\"height\":318,\"caption\":\"news metals & mining\"},\"image\":{\"@id\":\"https:\\\/\\\/news.icobre.biz\\\/#\\\/schema\\\/logo\\\/image\\\/\"},\"sameAs\":[\"https:\\\/\\\/www.linkedin.com\\\/in\\\/pablo-larrain-diez\"]}]}<\/script>\n<!-- \/ Yoast SEO plugin. -->","yoast_head_json":{"title":"Home - Revista Mineria Chile","description":"MINER\u00cdA CHILENA y ELECTRICIDAD son las revistas m\u00e1s fidedignas, objetivas y de mayor calidad en Chile","robots":{"index":"index","follow":"follow","max-snippet":"max-snippet:-1","max-image-preview":"max-image-preview:large","max-video-preview":"max-video-preview:-1"},"canonical":"https:\/\/news.icobre.biz\/","og_locale":"en_US","og_type":"article","og_title":"Home - Revista Mineria Chile","og_description":"MINER\u00cdA CHILENA y ELECTRICIDAD son las revistas m\u00e1s fidedignas, objetivas y de mayor calidad en Chile","og_url":"https:\/\/news.icobre.biz\/","og_site_name":"Revista Mineria Chile","article_modified_time":"2022-02-20T05:50:06+00:00","og_image":[{"url":"https:\/\/www.genealog.cl\/Chile\/instituciones\/R\/revistas\/RevistaMineriaChilena-logo.jpg","type":"","width":"","height":""}],"twitter_card":"summary_large_image","twitter_misc":{"Est. reading time":"2 minutes"},"schema":{"@context":"https:\/\/schema.org","@graph":[{"@type":"WebPage","@id":"https:\/\/news.icobre.biz\/","url":"https:\/\/news.icobre.biz\/","name":"Home - Revista Mineria Chile","isPartOf":{"@id":"https:\/\/news.icobre.biz\/#website"},"primaryImageOfPage":{"@id":"https:\/\/news.icobre.biz\/#primaryimage"},"image":{"@id":"https:\/\/news.icobre.biz\/#primaryimage"},"thumbnailUrl":"https:\/\/www.genealog.cl\/Chile\/instituciones\/R\/revistas\/RevistaMineriaChilena-logo.jpg","datePublished":"2022-02-17T22:17:28+00:00","dateModified":"2022-02-20T05:50:06+00:00","description":"MINER\u00cdA CHILENA y ELECTRICIDAD son las revistas m\u00e1s fidedignas, objetivas y de mayor calidad en Chile","breadcrumb":{"@id":"https:\/\/news.icobre.biz\/#breadcrumb"},"inLanguage":"en-US","potentialAction":[{"@type":"ReadAction","target":["https:\/\/news.icobre.biz\/"]}]},{"@type":"ImageObject","inLanguage":"en-US","@id":"https:\/\/news.icobre.biz\/#primaryimage","url":"https:\/\/www.genealog.cl\/Chile\/instituciones\/R\/revistas\/RevistaMineriaChilena-logo.jpg","contentUrl":"https:\/\/www.genealog.cl\/Chile\/instituciones\/R\/revistas\/RevistaMineriaChilena-logo.jpg"},{"@type":"BreadcrumbList","@id":"https:\/\/news.icobre.biz\/#breadcrumb","itemListElement":[{"@type":"ListItem","position":1,"name":"Home","item":"https:\/\/news.icobre.biz\/"},{"@type":"ListItem","position":2,"name":"Home"}]},{"@type":"WebSite","@id":"https:\/\/news.icobre.biz\/#website","url":"https:\/\/news.icobre.biz\/","name":"Revista Mineria Chile","description":"Revista Mineria Chilena","publisher":{"@id":"https:\/\/news.icobre.biz\/#organization"},"potentialAction":[{"@type":"SearchAction","target":{"@type":"EntryPoint","urlTemplate":"https:\/\/news.icobre.biz\/?s={search_term_string}"},"query-input":{"@type":"PropertyValueSpecification","valueRequired":true,"valueName":"search_term_string"}}],"inLanguage":"en-US"},{"@type":"Organization","@id":"https:\/\/news.icobre.biz\/#organization","name":"news metals & mining","url":"https:\/\/news.icobre.biz\/","logo":{"@type":"ImageObject","inLanguage":"en-US","@id":"https:\/\/news.icobre.biz\/#\/schema\/logo\/image\/","url":"https:\/\/news.icobre.biz\/wp-content\/uploads\/2022\/02\/torontobackground.jpg","contentUrl":"https:\/\/news.icobre.biz\/wp-content\/uploads\/2022\/02\/torontobackground.jpg","width":1272,"height":318,"caption":"news metals & mining"},"image":{"@id":"https:\/\/news.icobre.biz\/#\/schema\/logo\/image\/"},"sameAs":["https:\/\/www.linkedin.com\/in\/pablo-larrain-diez"]}]}},"jetpack_sharing_enabled":true,"_links":{"self":[{"href":"https:\/\/news.icobre.biz\/index.php?rest_route=\/wp\/v2\/pages\/6","targetHints":{"allow":["GET"]}}],"collection":[{"href":"https:\/\/news.icobre.biz\/index.php?rest_route=\/wp\/v2\/pages"}],"about":[{"href":"https:\/\/news.icobre.biz\/index.php?rest_route=\/wp\/v2\/types\/page"}],"author":[{"embeddable":true,"href":"https:\/\/news.icobre.biz\/index.php?rest_route=\/wp\/v2\/users\/1"}],"replies":[{"embeddable":true,"href":"https:\/\/news.icobre.biz\/index.php?rest_route=%2Fwp%2Fv2%2Fcomments&post=6"}],"version-history":[{"count":4,"href":"https:\/\/news.icobre.biz\/index.php?rest_route=\/wp\/v2\/pages\/6\/revisions"}],"predecessor-version":[{"id":22,"href":"https:\/\/news.icobre.biz\/index.php?rest_route=\/wp\/v2\/pages\/6\/revisions\/22"}],"wp:attachment":[{"href":"https:\/\/news.icobre.biz\/index.php?rest_route=%2Fwp%2Fv2%2Fmedia&parent=6"}],"curies":[{"name":"wp","href":"https:\/\/api.w.org\/{rel}","templated":true}]}}